 factor of d and 800?
20
Suppose -33*d + 9153 = -780. Calculate the greatest common divisor of 688 and d.
43
Suppose -2*o + 9 = 1. Suppose 92 = o*n - 4. Suppose 291*g - 271*g - 960 = 0. Calculate the greatest common factor of n and g.
24
Suppose 21*c = -5*c + 1118. Suppose -109 = -44*f + c*f. What is the greatest common divisor of 1 and f?
1
Suppose -5*w + 183 = -3*t, -2*t + 222 = 4*w + 80. What is the greatest common factor of 963 and w?
9
Let t(n) = 2*n + 180. Let g be t(-13). Let u = g - 129. Calculate the highest common factor of 725 and u.
25
Let i be 44 + 5*12/10. Suppose -5*b + i + 1120 = 0. Suppose 4*m - 26 = 3*m. Calculate the greatest common divisor of b and m.
26
Suppose -2*x + 3*x - 71 = 4*y, 4*x - 364 = -4*y. Calculate the greatest common divisor of x and 2175.
87
Suppose 3216 = 47*q - 41*q. Calculate the highest common divisor of q and 670.
134
Let l(m) = 5*m**2 + 11*m - 133. Let a be l(-7). Calculate the highest common divisor of a and 1855.
35
Suppose -10*c - 8*c = -108. Let v be 4/c + 3996/81. Calculate the highest common factor of 40 and v.
10
Let b = 515 + -734. Let q = 263 + b. Calculate the highest common factor of 55 and q.
11
Suppose -5*i = 56*i - 43*i - 57474. What is the greatest common factor of 31 and i?
31
Let w(h) = -6*h - 210. Let p be w(-33). Let f(g) = -31 + g - 6*g + 0*g. Let z be f(p). What is the highest common factor of z and 145?
29
Let i be 248/1612 - (-152)/26 - 0. Suppose 2*q - 10 = -3*q. What is the greatest common divisor of q and i?
2
Suppose -5*w - 27 = -4*x, 4*x = -2*w - w + 3. Let n(p) = -6*p - 2*p - x - 8 + 9*p. Let k be n(14). What is the greatest common factor of 21 and k?
3
Let m(b) = 66*b**2 + 64*b + 4. Let g be m(-5). Suppose -326 = 36*h - g. What is the greatest common factor of 98 and h?
14
Let c(l) = -l - 5. Let k be c(-7). Let h(w) = 38*w**2 + 27*w - 57*w - k + 26*w. Let m be h(-3). Calculate the greatest common factor of 32 and m.
32
Suppose -7*b = -70 - 42. Let v be 12044/b + 6/(-8). Calculate the greatest common factor of v and 32.
16
Suppose 15*w = 6*w + 8064. Let o be (-15)/(-10)*w/8. Calculate the highest common factor of o and 42.
42
Let k be (-2*16 + -1)*(-4 + 2). Let v = 70 - k. Suppose -4*g + 54 = 2*y - 0*g, v*y + 5*g = 93. What is the highest common divisor of y and 17?
17
Let l = 58 + 167. Suppose -2104 - 1846 = -79*w. What is the greatest common divisor of w and l?
25
Let i = -17 - -24. Let z be 30/1 + i/(21/(-12)). Let l be (-3782)/(-8) - (z/(-8))/13. What is the greatest common divisor of 43 and l?
43
Suppose 12*u + 99 = 13*u - 186. Calculate the greatest common factor of 1235 and u.
95
Let l be 7 + (1 + 4 - 1 - 6). Suppose 448 = l*a + 9*a. Calculate the greatest common divisor of a and 896.
32
Let x be (26 + (0 - 2))/(9 - 9867/1100). What is the highest common factor of 640 and x?
160
Suppose 0 = -1386*z + 1396*z - 120. Calculate the highest common factor of 57 and z.
3
Let l be 17613 + 18 + (1 - (0 + -2 + 2)). Calculate the greatest common divisor of 232 and l.
232
Let a(r) = -5*r - 28. Let u(b) = -10*b - 60. Let w(y) = 11*a(y) - 6*u(y). Let j be w(-8). Calculate the greatest common factor of 60 and j.
12
Let f = 24 - -10. Let u be 12 - (-24)/(-6) - -60. What is the highest common factor of f and u?
34
Let z(b) = -3*b**2 + 15*b. Let s be z(2). What is the greatest common divisor of s and 144?
18
Suppose 14 = -2*q - 52. Let l = -28 - q. Suppose 25 - 9 = 2*a + 4*x, -l*a = -3*x - 27. What is the highest common divisor of 3 and a?
3
Let o(p) be the first derivative of -p**3/3 + 23*p**2/2 + 59*p + 16. Let v be o(24). Let y = -36 - -43. What is the greatest common divisor of v and y?
7
Let i be (1 - (-1591)/5) + (-52)/(-65). Suppose 9*a = 190 - 10. What is the highest common divisor of i and a?
20
Let k(t) = 31*t - 25. Let f be k(3). Let c be f/374 - 5276/(-22). Calculate the highest common divisor of 30 and c.
30
Let l be (0 - 3/(-6)) + 1/(-2). Suppose 4*n - 112 + 40 = l. Suppose 2*o - o = 4*y + 106, -625 = -5*o + y. What is the highest common divisor of n and o?
18
Suppose 60*m = 36*m + 1464. Calculate the highest common divisor of 3599 and m.
61
Let v(p) = -8*p**3 - 190*p**2 - 94*p + 79. Let k be v(-29). Calculate the highest common divisor of 71 and k.
71
Let i(y) = -2*y**3 - 3*y - 2. Let z be i(-1). Suppose -2*b - z*r = -16, 0*b = -b + r + 13. Calculate the highest common factor of b and 1.
1
Let x = -5982 + 6426. What is the greatest common factor of x and 21?
3
Suppose 0 = -1581*h + 1556*h - 1750. Let w be -63 - 0*2/(-4). Let v = w - h. Calculate the greatest common factor of v and 56.
7
Suppose -16*q - 53 = 59. Let k(r) = 17*r**2 + 28*r + 3. Let m be k(q). What is the greatest common factor of m and 16?
16
Let p(n) = n**2 - 5*n**2 - 9*n + 15*n + 6*n**2 + 18 - n**3. Let r be p(-4). Let i = 49 + -31. Calculate the highest common divisor of i and r.
18
Suppose 4*z + k = 914, 5*z - 8*z + 2*k = -691. Let u = -216 + z. Suppose -520 = -4*d - d. Calculate the greatest common divisor of u and d.
13
Let n = -35656 + 35716. Calculate the greatest common divisor of 21420 and n.
60
Let z(m) = m**3 + 4*m**2 - 8*m - 7. Let i be z(-5). Let p be (-25)/1*(24840/225)/(-46). What is the greatest common divisor of i and p?
4
Let h(j) = -j**3 + j**2 + 64*j + 2. Let q be 2/(-2)*(-4 - 3). Let l be h(q). Calculate the greatest common factor of l and 52.
52
Suppose 3*n + 135 = -4*m, 0*n - 65 = 2*m - n. Let i be (-418)/m + (-5)/3. Calculate the greatest common divisor of 55 and i.
11
Let w(q) = -11*q**2 + 11*q**2 + 9*q - 40 + 17*q - q**2. Let c be w(21). What is the greatest common divisor of 195 and c?
65
Let w be 60/(-10) + 2 - -15. Let s(n) = n**3 + 7*n**2 - 4*n - 11. Let l be s(-8). Let b = l + 142. Calculate the greatest common divisor of w and b.
11
Suppose 4*m = -63*o + 61*o + 2766, 0 = 3*m + 4*o - 2052. What is the highest common factor of m and 551?
29
Let q(z) = -101*z**3 - 2*z - 2. Let f be q(-1). Let j = -84 + f. Calculate the greatest common divisor of 85 and j.
17
Let f(p) = 2*p + 3. Let y = 6 - 6. Let r be f(y). Suppose -5*a - 2 = r*d - 363, d - 5*a - 87 = 0. What is the greatest common factor of d and 16?
16
Suppose 406*q - 422*q = -64. What is the greatest common factor of 102 and q?
2
Let q be ((150/15)/(-2))/(10/(-12)). Suppose -5*g = -q*j + 1532, -j = -0*g + 3*g - 240. What is the greatest common divisor of j and 36?
36
Let a = -49 - 2. Let f = -27 - a. Suppose -f*s + 21*s = -252. What is the highest common factor of s and 21?
21
Suppose 4*q = -8 + 28, s = -2*q + 117. Suppose 6*l = -s + 1727. Calculate the greatest common divisor of 27 and l.
27
Suppose -22*r + 24*r = 42. Let n = r + -26. Let d be n - 60/(12/(-3)). What is the highest common divisor of d and 4?
2
Let a be -7 + 1572/(-18) - 4/(-3). Let x be 2/3 - (a/9 - 1). Calculate the greatest common factor of 32 and x.
4
Let f(s) = -10*s**2 - 63*s - 2. Suppose 0 = -317*z + 313*z - 24. Let l be f(z). Calculate the highest common factor of 24 and l.
8
Let v be (4/6)/((-1)/(-114)). Suppose 27588 = -317*w + 697*w - 347*w. Calculate the greatest common factor of v and w.
76
Suppose -556 + 1532 = 16*d. Let k = 159 - d. Let m = -72 + k. What is the highest common divisor of m and 39?
13
Suppose -2*s - 20 = 5*o, -s + 2*o + 3*o = -20. Suppose 6*u - 73 + 1 = s. What is the highest common divisor of u and 24?
12
Suppose -4*c - 24 - 44 = 0. Let a = -14 - c. Suppose 3*h + 3 = -2*d, -4*d + 0*h = 3*h - a. Calculate the greatest common divisor of d and 1.
1
Suppose d = 85 - 43. Suppose 10*r = d*r - 2048. Calculate the greatest common divisor of 1 and r.
1
Let f(h) = -1395*h + 8399. Let a be f(6). Let z(i) = -i**3 - 3*i**2 + 2*i - 4. Let s be z(-9). What is the highest common factor of a and s?
29
Let p(h) = -h**3 - 40*h**2 - h - 26. Let g be p(-40). Let m = 48 - 28. Let d be (-8)/m - 492/(-5). Calculate the highest common divisor of d and g.
14
Let s(m) = 69*m**2 + 17*m + 2. Let n be s(-1). What is the highest common factor of 6750 and n?
54
Suppose -31103 - 2537 = -40*u. Calculate the highest common divisor of 435 and u.
29
Suppose 4*n + 4*y + y = 24, 4*y - 20 = -4*n. Suppose -20 = -4*q, -q - n = -b - 2*b. What is the greatest common factor of 22 and b?
2
Let t(q) = 784*q - 42. Let c be t(3). What is the greatest common divisor of 14